t s(p) = -2*p**2 + 66*p - 21. Calculate s(33).
-21
Let j(i) = -34*i - 168. Calculate j(-5).
2
Let j(u) = -u**3 - u - 38. Calculate j(0).
-38
Let j(v) = -v**3 + 14*v**2 - 29*v + 12. Calculate j(12).
-48
Let f(w) = 8*w - 43. What is f(6)?
5
Let j(c) = c**2 + 29*c + 112. Calculate j(-25).
12
Let a(q) = 4*q + 60. Give a(-16).
-4
Let n(z) = -2*z**3 + 16*z**2 - 11*z - 6. Determine n(7).
15
Let t(f) = 3*f - 29. What is t(9)?
-2
Let i(d) = -4*d**2 - 3*d - 2. Determine i(3).
-47
Let l(i) = 2*i - 26. Calculate l(14).
2
Let q(s) = s + 10. Calculate q(-9).
1
Let s(c) = c - 14. Determine s(10).
-4
Let z(y) = y + 12. What is z(-7)?
5
Let u(l) = -3*l + 7. What is u(4)?
-5
Let m(l) = -48*l**2 + l. Calculate m(-1).
-49
Let r(v) = 10*v - 2. What is r(2)?
18
Let i(x) = -42*x + 56. Calculate i(2).
-28
Let r(u) = u**2 + 15*u - 14. Give r(-16).
2
Let a(l) = l**3 - 9*l**2 + 11*l - 3. Calculate a(8).
21
Let g(x) = -4*x + 15. Give g(9).
-21
Let g(l) = l - 10. Calculate g(10).
0
Let y(o) = -o**2 - 15*o - 12. Determine y(-13).
14
Let v(u) = u**2 + 17*u + 13. Give v(-11).
-53
Let o(p) = p**3 - 15*p**2 - 16*p + 6. Determine o(16).
6
Let j(i) = 2*i - 17. Determine j(19).
21
Let t(k) = 5*k - 75. Calculate t(12).
-15
Let o(r) = 10*r + 21. Determine o(8).
101
Let s(n) = 3*n - 15. Calculate s(4).
-3
Let g(s) = -s**2 - 6*s - 6. Calculate g(-1).
-1
Let l(x) = x**2 + 16*x + 20. Determine l(-16).
20
Let s(o) = o**2 - 18*o + 65. What is s(6)?
-7
Let s(n) = n**3 - 17*n**2 + 18*n - 82. What is s(16)?
-50
Let c(u) = -u**2 + 9*u - 5. Calculate c(6).
13
Let g(f) = -f**3 + 6*f**2 - 41*f + 319. What is g(7)?
-17
Let v(x) = -x**3 + 6*x**2 - 6*x - 6. Give v(5).
-11
Let n(g) = -g**2 + 8*g. Determine n(9).
-9
Let a(k) = -k**3 + 25*k**2 - 44*k - 36. Give a(23).
10
Let m(v) = v + 4. Calculate m(-4).
0
Let j(p) = -4*p**2 + p + 1. Calculate j(-1).
-4
Let k(x) = x**3 - x**2 + 2*x - 12. Determine k(0).
-12
Let a(r) = -r**3 - 8*r**2 + 20*r + 16. Determine a(-10).
16
Let l(j) = -j**2 + j - 8. Give l(0).
-8
Let q(f) = f + 13. Calculate q(-4).
9
Let q(g) = 4*g + 23. What is q(-6)?
-1
Let c(r) = 6*r**2 + 10*r + 9. Give c(-1).
5
Let j(x) = x**3 - 6*x**2 - 4. Calculate j(6).
-4
Let z(r) = r**2 + 8*r - 59. What is z(7)?
46
Let t(i) = -i**2 + 39*i - 252. Determine t(8).
-4
Let o(k) = -22*k - 891. Calculate o(-41).
11
Let z(k) = 5*k**3 - 3*k**2 - 3*k - 1. Calculate z(-1).
-6
Let v(n) = -4*n + 8. Determine v(5).
-12
Let b(f) = -f**3 - 10*f**2 - 26*f - 19. Determine b(-7).
16
Let o(f) = -f**3 + 22*f**2 + 76*f - 25. Determine o(25).
0
Let s(c) = -c**3 - 18*c**2 + 148*c - 5. Determine s(6).
19
Let t(d) = -d**3 + 16*d**2 + 3. What is t(16)?
3
Let s(f) = -2*f - 10. Determine s(-19).
28
Let u(b) = -2*b + 19. Determine u(10).
-1
Let h(l) = l - 3. Give h(11).
8
Let s(z) = -7*z. Calculate s(-1).
7
Let o(k) = -k**2 - 18*k - 47. What is o(-15)?
-2
Let z(f) = 145*f - 285. Calculate z(2).
5
Let i(b) = -b**3 - 8*b**2 + b - 5. Calculate i(-5).
-85
Let i(o) = -278*o - 266. What is i(-1)?
12
Let y(q) = 3*q**3 + q**2 - 2*q + 10. What is y(0)?
10
Let u(j) = -j**2 + 9*j + 8. What is u(10)?
-2
Let s(h) = -h**3 - 5*h**2 + 8*h + 2. What is s(-7)?
44
Let h(c) = -c**3 - 19*c**2 + 4*c + 65. What is h(-19)?
-11
Let q(d) = -d**2 - 12*d. Calculate q(-11).
11
Let h(x) = x**2 - 9*x + 15. Determine h(6).
-3
Let n(r) = -r - 4. Give n(8).
-12
Let q(s) = s**2 + 4*s - 22. Determine q(-6).
-10
Let i(b) = 5*b + 25. Calculate i(-6).
-5
Let a(h) = -2*h**2 + 11*h + 2. Calculate a(3).
17
Let v(w) = -w**2 + 10*w + 30. Determine v(12).
6
Let u(b) = -b**3 + 39*b**2 - 45*b + 269. What is u(38)?
3
Let b(j) = -2*j**2 - 23*j + 40. What is b(-13)?
1
Let n(o) = -2*o**3 - o**2 + o - 3. Calculate n(-2).
7
Let c(h) = 2*h**2 - 16*h + 52. Calculate c(6).
28
Let d(i) = -i**2 - 9*i + 8. Give d(-8).
16
Let p(r) = r**2 - 22*r + 32. Calculate p(20).
-8
Let k(l) = 7*l + 9. Determine k(-2).
-5
Let k(w) = -w**2 - 3*w + 15. Give k(-5).
5
Let g(c) = -c**3 - 9*c**2 - 3*c - 13. Calculate g(-9).
14
Let c(w) = w**3 + 16*w**2 - 19*w - 29. Give c(-17).
5
Let w(f) = f**3 - 32*f**2 - 3*f + 33. Calculate w(32).
-63
Let a(n) = -5*n - 124. Give a(-22).
-14
Let g(s) = 2*s**3 + 24*s**2 + s + 14. What is g(-12)?
2
Let d(z) = z**2 + 7*z + 9. What is d(-8)?
17
Let r(o) = 2*o**3 - 23*o**2 - 13*o - 10. Give r(12).
-22
Let q(h) = h - 37. Calculate q(17).
-20
Let j(k) = -k**3 + 5*k**2 - 3. Calculate j(6).
-39
Let l(q) = q**2 - 26*q + 78. What is l(23)?
9
Let r(t) = -t**3 - t**2 - 5*t + 10. Determine r(4).
-90
Let x(g) = -g**3 + 18*g**2 - 34*g + 33. What is x(16)?
1
Let d(t) = -t**3 - 6*t**2 - 4*t - 4. Give d(-4).
-20
Let q(d) = d**3 + 3*d**2 + d - 2. What is q(0)?
-2
Let r(c) = -4*c - 117. Calculate r(-28).
-5
Let m(s) = -4*s + 12. Give m(-6).
36
Let h(x) = -11*x. Calculate h(-1).
11
Let s(x) = 4*x**2 - 21*x + 26. Give s(7).
75
Let m(z) = z**3 - 12*z**2 + 11*z - 6. Calculate m(11).
-6
Let l(a) = -a**3 - a - 4. Give l(2).
-14
Let u(t) = -t**3 + 22*t**2 - 23*t + 36. Give u(21).
-6
Let i(w) = -w**2 - 7*w - 11. What is i(-6)?
-5
Let q(y) = -3*y**3 - 5*y**2 - y - 2. Give q(-2).
4
Let s(z) = 5*z + 22. What is s(-6)?
-8
Let s(d) = 2*d + 13. Calculate s(6).
25
Let z(i) = -2*i + 28. What is z(13)?
2
Let j(n) = n**3 - 10*n**2 + 5*n + 31. Determine j(9).
-5
Let z(t) = -5*t + 4. Determine z(4).
-16
Let c(g) = g**2 - 6*g - 2. Calculate c(-5).
53
Let g(c) = c + 18. Calculate g(5).
23
Let i(w) = -6*w - 5. What is i(-2)?
7
Let s(v) = v**3 - 2*v**2 - 11*v - 3. Give s(4).
-15
Let c(o) = -2*o - 4. What is c(5)?
-14
Let l(u) = u - 3. Calculate l(-6).
-9
Let d(q) = q - 11. Determine d(-10).
-21
Let h(o) = o + 16. Determine h(-12).
4
Let y(n) = -9*n**3 - n**2 + 1. Give y(2).
-75
Let r(k) = -2*k**2 - 41*k + 131. Calculate r(-23).
16
Let h(i) = 5*i + 31. Calculate h(-7).
-4
Let l(p) = -p**3 - 11*p**2 - 3*p - 1. Give l(0).
-1
Let t(a) = a**2 + 6*a + 15. Give t(-3).
6
Let q(g) = -g**3 + 3*g**2 - 5*g + 16. What is q(4)?
-20
Let g(l) = -23*l - 70. Calculate g(-3).
-1
Let t(i) = 2*i**3 - 15*i**2 - 7*i + 4. Determine t(8).
12
Let g(o) = o**2 - 2*o - 3. Calculate g(-6).
45
Let h(i) = -i**3 - 6*i**2 - 12*i - 108. Calculate h(-7).
25
Let f(o) = -21*o - 53. What is f(-2)?
-11
Let k(n) = n**3 - 25*n**2 - 25*n - 17. What is k(26)?
9
Let r(x) = x**2 - 15*x + 20. What is r(14)?
6
Let q(j) = -31*j - 329. What is q(-11)?
12
Let w(n) = 24*n - 67. Calculate w(4).
29
Let m(h) = -2*h**3 - 3*h**2 - h + 2. Give m(-2).
8
Let y(d) = -d**2 - 20*d - 19. Give y(-20).
-19
Let d(z) = -z + 8. Calculate d(12).
-4
Let q(t) = -t**2 - t + 6. Give q(-5).
-14
Let t(f) = -f**3 - 13*f**2 + f + 19. What is t(-13)?
6
Let q(p) = p**3 - 11*p**2 - 11*p - 22. Give q(12).
-10
Let m(l) = -2*l**2 + 21*l - 35. Determine m(7).
14
Let v(c) = 37*c**2 + 74*c - 1. Determine v(-2).
-1
Let v(b) = -6*b + 44. Give v(8).
-4
Let x(z) = -5*z. Determine x(-7).
35
Let t(x) = 2*x**2 + 8*x + 14. Calculate t(-7).
56
Let j(p) = 2*p**2 + 15*p - 26. Give j(-8).
-18
Let t(z) = -z - 8. Calculate t(-10).
2
Let c(r) = -20*r**3 + r - 1. Calculate c(1).
-20
Let r(j) = j - 4. Give r(0).
-4
Let w(l) = l**3 + 7*l**2 - l - 6. What is w(-6)?
36
Let l(b) = b**2 - 16*b + 14. Calculate l(15).
-1
Let a(r) = 32*r + 3. Give a(1).
35
Let v(n) = n**3 - 9*n**2 - 4*n + 12. Calculate v(9).
-24
Let p(u) = u**3 - 5*u**2 - 2*u - 19. Give p(6).
5
Let m(x) = -3*x + 22. What is m(8)?
-2
Let s(p) = -p**3 + 17*p**2 + p + 21. Give s(17).
38
Let s(z) = -z**3 + 7*z**2 + 7*z - 2. Calculate s(8).
-10
Let r(f) = 3*f**2 + 16*f - 4. Calculate r(-6).
8
Let h(o) = -75*o + 531. Determine h(7).
6
Let z(u) = u**2 - 7*u - 15. What is z(7)?
-15
Let f(d) = 4*d - 5. Calculate f(-3).
-17
Let b(l) = -l - 15. Give b(-18).
3
Let o(l) = l**3 - 8*l**2 - 23*l + 35. Give o(10).
5
Let k(w) = 2*w + 1. Calculate k(0).
1
Let y(h) = -12*h + 83. What is y(7)?
-1
Let a(l) = -2*l**2 - 9*l - 1. Calculate a(-7).
-36
Let j(o) = -11*o**2 - 31*o - 1. What is j(-3)?
-7
Let k(v) = -2*v**2 - 9*v + 13. Calculate k(-8).
-43
Let w(r) = r**3 - 10*r**2 + 3*r - 12. Give w(10).
18
Let g(r) = -r**2 + 7*r + 28. Determine g(10).
-2
Let q(r) = r**3 - r + 23. What is q(0)?
23
Let n(w) = w**3 - 53*w**2 - 51*w - 159. Determine n(54).
3
Let f(a) = -5*a + 54. Calculate f(11).
-1
Let q(f) = f**3 - 5*f**2 - 9*f + 37. What is q(3)?
-8
Let c(f) = -f**2 + 10*f + 19. De